{"id":255,"date":"2021-03-30T10:15:25","date_gmt":"2021-03-30T10:15:25","guid":{"rendered":"http:\/\/klemmerhof.at\/kh_wordpress1\/?page_id=255"},"modified":"2023-06-02T10:00:28","modified_gmt":"2023-06-02T08:00:28","slug":"zimmer","status":"publish","type":"page","link":"https:\/\/klemmerhof.at\/index.php\/zimmer\/","title":{"rendered":"Zimmer"},"content":{"rendered":"<div id=\"pl-255\"  class=\"panel-layout\" ><div id=\"pg-255-0\"  class=\"panel-grid panel-no-style\" ><div id=\"pgc-255-0-0\"  class=\"panel-grid-cell\" ><div id=\"panel-255-0-0-0\" class=\"so-panel widget widget_sow-headline panel-first-child\" data-index=\"0\" ><div\n\t\t\t\n\t\t\tclass=\"so-widget-sow-headline so-widget-sow-headline-default-6b52635ceda7-255 so-widget-fittext-wrapper\"\n\t\t\t data-fit-text-compressor=\"0.85\"\n\t\t><div class=\"sow-headline-container \">\n\t<h1 class='sow-headline'>Zimmer<\/h1><\/div><\/div><\/div><div id=\"panel-255-0-0-1\" class=\"so-panel widget widget_sow-image\" data-index=\"1\" ><div\n\t\t\t\n\t\t\tclass=\"so-widget-sow-image so-widget-sow-image-default-17bc2272b535-255\"\n\t\t\t\n\t\t>\n\n<div class=\"sow-image-container\">\n\t\t<img src=\"https:\/\/klemmerhof.at\/wp-content\/uploads\/2021\/03\/4-daisies-klemmer.png\" width=\"150\" height=\"150\" srcset=\"https:\/\/klemmerhof.at\/wp-content\/uploads\/2021\/03\/4-daisies-klemmer.png 500w, https:\/\/klemmerhof.at\/wp-content\/uploads\/2021\/03\/4-daisies-klemmer-300x300.png 300w, https:\/\/klemmerhof.at\/wp-content\/uploads\/2021\/03\/4-daisies-klemmer-150x150.png 150w\" sizes=\"(max-width: 150px) 100vw, 150px\" title=\"klemmerhof logo\" alt=\"klemmerhof logo\" loading=\"lazy\" \t\tclass=\"so-widget-image\"\/>\n\t<\/div>\n\n<\/div><\/div><div id=\"panel-255-0-0-2\" class=\"so-panel widget widget_sow-editor\" data-index=\"2\" ><div\n\t\t\t\n\t\t\tclass=\"so-widget-sow-editor so-widget-sow-editor-base\"\n\t\t\t\n\t\t>\n<div class=\"siteorigin-widget-tinymce textwidget\">\n\t<p style=\"text-align: center;\">Verbringen Sie Ihren Urlaub doch in einem unserer gem\u00fctlichen Zimmer in Rohrmoos bei Schladming.<\/p>\n<p style=\"text-align: center;\">Alle unsere Zimmer befinden sich im Haupthaus und sind mit eigener Dusche\/WC ausgestattet, haben einen<span class=\"xr_tl xr_s14\"> Balkon, W-LAN, einen Zimmer-Safe, eine Minibar, Flat-TV mit Kabelanschluss und bei der Anreise erwartet Sie bereits ein kuschliger Bademantel. <\/span><\/p>\n<p style=\"text-align: center;\"><span class=\"xr_tl xr_s14\">Unsere Pensionsg\u00e4ste k\u00f6nnen sich das ganze Jahr auf\u00a0 unser reichhaltiges <\/span><span class=\"xr_tl xr_s14\">Fr\u00fchst\u00fccksbuffet freuen, das mit Produkten aus der eigenen Landwirtschaft best\u00fcckt ist. Im Winter gibt es zus\u00e4tzlich die M\u00f6glichkeit, Halbpension zu buchen und sich abends von Wirtin Margret bekochen zu lassen. <\/span><\/p>\n<p style=\"text-align: center;\"><span class=\"xr_tl xr_s14\">Au\u00dferdem gibt es im Haus einen gro\u00dfz\u00fcgigen Aufenthaltsraum mit gem\u00fctlichem Kachelofen-Flair, Ski- und Sportger\u00e4tekeller und einen Personenlift. Falls Sie schlecht zu Fu\u00df sind, vermerken Sie dies bitte bei der Buchung, damit wir Ihnen ein barrierefreies Zimmer zuweisen k\u00f6nnen.\u00a0<\/span><\/p>\n<\/div>\n<\/div><\/div><div id=\"panel-255-0-0-3\" class=\"so-panel widget widget_sow-button\" data-index=\"3\" ><div\n\t\t\t\n\t\t\tclass=\"so-widget-sow-button so-widget-sow-button-atom-2ca1d3ef32c8-255\"\n\t\t\t\n\t\t><div class=\"ow-button-base ow-button-align-center\">\n\t<a href=\"#\" class=\"ow-icon-placement-left ow-button-hover\" \t\t>\n\t\t<span>\n\t\t\t\n\t\t\tPREISE\t\t<\/span>\n\t<\/a>\n<\/div>\n<\/div><\/div><div id=\"panel-255-0-0-4\" class=\"so-panel widget widget_sow-hero panel-last-child\" data-index=\"4\" ><div\n\t\t\t\n\t\t\tclass=\"so-widget-sow-hero so-widget-sow-hero-default-ee64b4616c8e-255 so-widget-fittext-wrapper\"\n\t\t\t data-fit-text-compressor=\"0.85\"\n\t\t><div class=\"sow-slider-base\" style=\"display: none\"><ul\n\t\t\t\t\tclass=\"sow-slider-images\"\n\t\t\t\t\tdata-settings=\"{&quot;pagination&quot;:true,&quot;speed&quot;:800,&quot;timeout&quot;:3000,&quot;paused&quot;:false,&quot;pause_on_hover&quot;:false,&quot;swipe&quot;:true,&quot;nav_always_show_desktop&quot;:&quot;&quot;,&quot;nav_always_show_mobile&quot;:&quot;&quot;,&quot;breakpoint&quot;:&quot;780px&quot;,&quot;unmute&quot;:false,&quot;anchor&quot;:null}\"\n\t\t\t\t\tstyle=\"min-height: 400px\"\t\t\t\t\tdata-anchor-id=\"\"\n\t\t\t\t>\t\t<li class=\"sow-slider-image  sow-slider-image-cover\" style=\"background-color: #333333;background-image: url(https:\/\/klemmerhof.at\/wp-content\/uploads\/2021\/03\/DSC_0137-scaled.jpg)\" >\n\t\t\t\t\t<div class=\"sow-slider-image-container\">\n\t\t\t<div class=\"sow-slider-image-wrapper\">\n\t\t\t\t\t\t\t<\/div>\n\t\t<\/div>\n\t\t\t\t<\/li>\n\t\t\t\t<li class=\"sow-slider-image  sow-slider-image-cover\" style=\"background-color: #333333;background-image: url(https:\/\/klemmerhof.at\/wp-content\/uploads\/2021\/03\/DSC_0125-scaled.jpg)\" >\n\t\t\t\t\t<div class=\"sow-slider-image-container\">\n\t\t\t<div class=\"sow-slider-image-wrapper\">\n\t\t\t\t\t\t\t<\/div>\n\t\t<\/div>\n\t\t\t\t<\/li>\n\t\t\t\t<li class=\"sow-slider-image  sow-slider-image-cover\" style=\"background-color: #333333;background-image: url(https:\/\/klemmerhof.at\/wp-content\/uploads\/2021\/03\/DSC_0121-scaled.jpg)\" >\n\t\t\t\t\t<div class=\"sow-slider-image-container\">\n\t\t\t<div class=\"sow-slider-image-wrapper\">\n\t\t\t\t\t\t\t<\/div>\n\t\t<\/div>\n\t\t\t\t<\/li>\n\t\t\t\t<li class=\"sow-slider-image  sow-slider-image-cover\" style=\"background-color: #333333;background-image: url(https:\/\/klemmerhof.at\/wp-content\/uploads\/2021\/03\/DSC_0119-scaled.jpg)\" >\n\t\t\t\t\t<div class=\"sow-slider-image-container\">\n\t\t\t<div class=\"sow-slider-image-wrapper\">\n\t\t\t\t\t\t\t<\/div>\n\t\t<\/div>\n\t\t\t\t<\/li>\n\t\t\t\t<li class=\"sow-slider-image  sow-slider-image-cover\" style=\"background-color: #333333;background-image: url(https:\/\/klemmerhof.at\/wp-content\/uploads\/2021\/03\/DSC_0114-scaled.jpg)\" >\n\t\t\t\t\t<div class=\"sow-slider-image-container\">\n\t\t\t<div class=\"sow-slider-image-wrapper\">\n\t\t\t\t\t\t\t<\/div>\n\t\t<\/div>\n\t\t\t\t<\/li>\n\t\t<\/ul>\t\t\t\t<ol class=\"sow-slider-pagination\">\n\t\t\t\t\t\t\t\t\t\t\t<li><a href=\"#\" data-goto=\"0\" aria-label=\"display slide 1\"><\/a><\/li>\n\t\t\t\t\t\t\t\t\t\t\t<li><a href=\"#\" data-goto=\"1\" aria-label=\"display slide 2\"><\/a><\/li>\n\t\t\t\t\t\t\t\t\t\t\t<li><a href=\"#\" data-goto=\"2\" aria-label=\"display slide 3\"><\/a><\/li>\n\t\t\t\t\t\t\t\t\t\t\t<li><a href=\"#\" data-goto=\"3\" aria-label=\"display slide 4\"><\/a><\/li>\n\t\t\t\t\t\t\t\t\t\t\t<li><a href=\"#\" data-goto=\"4\" aria-label=\"display slide 5\"><\/a><\/li>\n\t\t\t\t\t\t\t\t\t<\/ol>\n\n\t\t\t\t<div class=\"sow-slide-nav sow-slide-nav-next\">\n\t\t\t\t\t<a href=\"#\" data-goto=\"next\" aria-label=\"next slide\" data-action=\"next\">\n\t\t\t\t\t\t<em class=\"sow-sld-icon-thin-right\"><\/em>\n\t\t\t\t\t<\/a>\n\t\t\t\t<\/div>\n\n\t\t\t\t<div class=\"sow-slide-nav sow-slide-nav-prev\">\n\t\t\t\t\t<a href=\"#\" data-goto=\"previous\" aria-label=\"previous slide\" data-action=\"prev\">\n\t\t\t\t\t\t<em class=\"sow-sld-icon-thin-left\"><\/em>\n\t\t\t\t\t<\/a>\n\t\t\t\t<\/div>\n\t\t\t\t<\/div><\/div><\/div><\/div><\/div><div id=\"pg-255-1\"  class=\"panel-grid panel-no-style\" ><div id=\"pgc-255-1-0\"  class=\"panel-grid-cell\" ><div id=\"panel-255-1-0-0\" class=\"so-panel widget widget_sow-image panel-first-child panel-last-child\" data-index=\"5\" ><div\n\t\t\t\n\t\t\tclass=\"so-widget-sow-image so-widget-sow-image-default-6b88c04c1f9b-255\"\n\t\t\t\n\t\t>\n\n<div class=\"sow-image-container\">\n\t\t\t<a\n\t\t\thref=\"https:\/\/klemmerhof.at\/index.php\/urlaub-am-bauernhof\/\"\n\t\t\t\t\t>\n\t\t\t<img src=\"https:\/\/klemmerhof.at\/wp-content\/uploads\/2021\/03\/DSC_0149-300x201.jpg\" width=\"300\" height=\"201\" srcset=\"https:\/\/klemmerhof.at\/wp-content\/uploads\/2021\/03\/DSC_0149-300x201.jpg 300w, https:\/\/klemmerhof.at\/wp-content\/uploads\/2021\/03\/DSC_0149-1024x685.jpg 1024w, https:\/\/klemmerhof.at\/wp-content\/uploads\/2021\/03\/DSC_0149-768x514.jpg 768w, https:\/\/klemmerhof.at\/wp-content\/uploads\/2021\/03\/DSC_0149-1536x1028.jpg 1536w, https:\/\/klemmerhof.at\/wp-content\/uploads\/2021\/03\/DSC_0149-2048x1371.jpg 2048w, https:\/\/klemmerhof.at\/wp-content\/uploads\/2021\/03\/DSC_0149-272x182.jpg 272w\" sizes=\"(max-width: 300px) 100vw, 300px\" title=\"Haus &amp; Hof\" alt=\"Klemmerhof, urlaub, rohrmoos, schladming, urlaub am bauernhof, g\u00e4stezimmer, ferienwohnungen, ski amade, planai, hochwurzen, reiteralm\" loading=\"lazy\" \t\tclass=\"so-widget-image\"\/>\n\t<\/a><\/div>\n\n<h3 class=\"widget-title\">Haus &amp; Hof<\/h3><\/div><\/div><\/div><div id=\"pgc-255-1-1\"  class=\"panel-grid-cell\" ><div id=\"panel-255-1-1-0\" class=\"so-panel widget widget_sow-image panel-first-child panel-last-child\" data-index=\"6\" ><div\n\t\t\t\n\t\t\tclass=\"so-widget-sow-image so-widget-sow-image-default-6b88c04c1f9b-255\"\n\t\t\t\n\t\t>\n\n<div class=\"sow-image-container\">\n\t\t\t<a\n\t\t\thref=\"https:\/\/klemmerhof.at\/index.php\/skihutte-sonnenstuberl\/\"\n\t\t\t\t\t>\n\t\t\t<img src=\"https:\/\/klemmerhof.at\/wp-content\/uploads\/2021\/03\/sonnenstu\u0308berl2-e1619446517645-300x202.jpeg\" width=\"300\" height=\"202\" srcset=\"https:\/\/klemmerhof.at\/wp-content\/uploads\/2021\/03\/sonnenstu\u0308berl2-e1619446517645-300x202.jpeg 300w, https:\/\/klemmerhof.at\/wp-content\/uploads\/2021\/03\/sonnenstu\u0308berl2-e1619446517645-272x182.jpeg 272w, https:\/\/klemmerhof.at\/wp-content\/uploads\/2021\/03\/sonnenstu\u0308berl2-e1619446517645.jpeg 482w\" sizes=\"(max-width: 300px) 100vw, 300px\" title=\"Skih\u00fctte Sonnenst\u00fcberl\" alt=\"sonnenst\u00fcberl rohrmoos schladming skiurlaub skih\u00fctte\" loading=\"lazy\" \t\tclass=\"so-widget-image\"\/>\n\t<\/a><\/div>\n\n<h3 class=\"widget-title\">Skih\u00fctte Sonnenst\u00fcberl<\/h3><\/div><\/div><\/div><div id=\"pgc-255-1-2\"  class=\"panel-grid-cell\" ><div id=\"panel-255-1-2-0\" class=\"so-panel widget widget_sow-image panel-first-child panel-last-child\" data-index=\"7\" ><div\n\t\t\t\n\t\t\tclass=\"so-widget-sow-image so-widget-sow-image-default-6b88c04c1f9b-255\"\n\t\t\t\n\t\t>\n\n<div class=\"sow-image-container\">\n\t\t\t<a\n\t\t\thref=\"https:\/\/klemmerhof.at\/index.php\/wellness\/\"\n\t\t\t\t\t>\n\t\t\t<img src=\"https:\/\/klemmerhof.at\/wp-content\/uploads\/2021\/03\/DSC_0076-300x201.jpg\" width=\"300\" height=\"201\" srcset=\"https:\/\/klemmerhof.at\/wp-content\/uploads\/2021\/03\/DSC_0076-300x201.jpg 300w, https:\/\/klemmerhof.at\/wp-content\/uploads\/2021\/03\/DSC_0076-1024x685.jpg 1024w, https:\/\/klemmerhof.at\/wp-content\/uploads\/2021\/03\/DSC_0076-768x514.jpg 768w, https:\/\/klemmerhof.at\/wp-content\/uploads\/2021\/03\/DSC_0076-1536x1028.jpg 1536w, https:\/\/klemmerhof.at\/wp-content\/uploads\/2021\/03\/DSC_0076-2048x1371.jpg 2048w, https:\/\/klemmerhof.at\/wp-content\/uploads\/2021\/03\/DSC_0076-272x182.jpg 272w\" sizes=\"(max-width: 300px) 100vw, 300px\" title=\"Ausstattung &amp; Wellness\" alt=\"wellness, urlaub, sommerurlaub, winterurlaub, schladming-dachstein, schladming, rohrmoos, steiermark, ennstal\" loading=\"lazy\" \t\tclass=\"so-widget-image\"\/>\n\t<\/a><\/div>\n\n<h3 class=\"widget-title\">Ausstattung &amp; Wellness<\/h3><\/div><\/div><\/div><\/div><div id=\"pg-255-2\"  class=\"panel-grid panel-no-style\" ><div id=\"pgc-255-2-0\"  class=\"panel-grid-cell\" ><div id=\"panel-255-2-0-0\" class=\"so-panel widget widget_sow-headline panel-first-child\" data-index=\"8\" ><div\n\t\t\t\n\t\t\tclass=\"so-widget-sow-headline so-widget-sow-headline-default-ea0af4cf39ae-255 so-widget-fittext-wrapper\"\n\t\t\t data-fit-text-compressor=\"1.25\"\n\t\t><div class=\"sow-headline-container \">\n\t<h1 class='sow-headline'>unverbindliche Buchungsanfrage<\/h1>\t\t\t\t\t<div class=\"decoration\">\n\t\t\t\t\t\t<div class=\"decoration-inside\"><\/div>\n\t\t\t\t\t<\/div>\n\t\t\t\t\t<\/div><\/div><\/div><div id=\"panel-255-2-0-1\" class=\"widget_text so-panel widget widget_custom_html panel-last-child\" data-index=\"9\" ><div class=\"textwidget custom-html-widget\"><div role=\"form\" class=\"wpcf7\" id=\"wpcf7-f164-o1\" lang=\"en-US\" dir=\"ltr\">\n<div class=\"screen-reader-response\"><p role=\"status\" aria-live=\"polite\" aria-atomic=\"true\"><\/p> <ul><\/ul><\/div>\n<form action=\"\/index.php\/wp-json\/wp\/v2\/pages\/255#wpcf7-f164-o1\" method=\"post\" class=\"wpcf7-form init wpcf7-acceptance-as-validation\" novalidate=\"novalidate\" data-status=\"init\">\n<div style=\"display: none;\">\n<input type=\"hidden\" name=\"_wpcf7\" value=\"164\" \/>\n<input type=\"hidden\" name=\"_wpcf7_version\" value=\"5.6\" \/>\n<input type=\"hidden\" name=\"_wpcf7_locale\" value=\"en_US\" \/>\n<input type=\"hidden\" name=\"_wpcf7_unit_tag\" value=\"wpcf7-f164-o1\" \/>\n<input type=\"hidden\" name=\"_wpcf7_container_post\" value=\"0\" \/>\n<input type=\"hidden\" name=\"_wpcf7_posted_data_hash\" value=\"\" \/>\n<input type=\"hidden\" name=\"_wpcf7_recaptcha_response\" value=\"\" \/>\n<\/div>\n<p><label>Vor- & Nachname<br \/>\n<span class=\"wpcf7-form-control-wrap\" data-name=\"text-809\"><input type=\"text\" name=\"text-809\" value=\"\" size=\"40\" class=\"wpcf7-form-control wpcf7-text wpcf7-validates-as-required\" aria-required=\"true\" aria-invalid=\"false\" \/><\/span><\/p>\n<p><label>E-Mailadresse<br \/>\n<span class=\"wpcf7-form-control-wrap\" data-name=\"email-782\"><input type=\"email\" name=\"email-782\" value=\"\" size=\"40\" class=\"wpcf7-form-control wpcf7-text wpcf7-email wpcf7-validates-as-required wpcf7-validates-as-email\" aria-required=\"true\" aria-invalid=\"false\" \/><\/span><\/p>\n<p><label>Telefonnummer<br \/>\n<span class=\"wpcf7-form-control-wrap\" data-name=\"tel-638\"><input type=\"tel\" name=\"tel-638\" value=\"\" size=\"40\" class=\"wpcf7-form-control wpcf7-text wpcf7-tel wpcf7-validates-as-required wpcf7-validates-as-tel\" aria-required=\"true\" aria-invalid=\"false\" \/><\/span><\/p>\n<p><label>Anfragedatum<br \/>\n<span class=\"wpcf7-form-control-wrap\" data-name=\"date-9\"><input type=\"date\" name=\"date-9\" value=\"\" class=\"wpcf7-form-control wpcf7-date wpcf7-validates-as-required wpcf7-validates-as-date\" aria-required=\"true\" aria-invalid=\"false\" \/><\/span><\/p>\n<p><label>Dauer des Aufenthalts<br \/>\n<span class=\"wpcf7-form-control-wrap\" data-name=\"number-742\"><input type=\"number\" name=\"number-742\" value=\"\" class=\"wpcf7-form-control wpcf7-number wpcf7-validates-as-required wpcf7-validates-as-number\" min=\"1\" max=\"30\" aria-required=\"true\" aria-invalid=\"false\" \/><\/span><\/p>\n<p>Personenanzahl<br \/>\n<span class=\"wpcf7-form-control-wrap\" data-name=\"number-816\"><input type=\"number\" name=\"number-816\" value=\"\" class=\"wpcf7-form-control wpcf7-number wpcf7-validates-as-required wpcf7-validates-as-number\" aria-required=\"true\" aria-invalid=\"false\" \/><\/span><\/p>\n<p>Art der Unterkunft<br \/>\n<span class=\"wpcf7-form-control-wrap\" data-name=\"menu-932\"><select name=\"menu-932\" class=\"wpcf7-form-control wpcf7-select wpcf7-validates-as-required\" aria-required=\"true\" aria-invalid=\"false\"><option value=\"G\u00e4stezimmer\">G\u00e4stezimmer<\/option><option value=\"Ferienwohnung\">Ferienwohnung<\/option><\/select><\/span><\/p>\n<p><label>Hinterlassen Sie uns eine Nachricht (optional)<br \/>\n<span class=\"wpcf7-form-control-wrap\" data-name=\"textarea-426\"><textarea name=\"textarea-426\" cols=\"40\" rows=\"10\" class=\"wpcf7-form-control wpcf7-textarea\" aria-invalid=\"false\"><\/textarea><\/span><\/p>\n<p><label>Ich bin mit den <a href=\"https:\/\/klemmerhof.at\/datenschutz-impressum\/\">Datenschutzbedingungen<\/a> einverstanden<br \/>\n<span class=\"wpcf7-form-control-wrap\" data-name=\"acceptance-26\"><span class=\"wpcf7-form-control wpcf7-acceptance\"><span class=\"wpcf7-list-item\"><input type=\"checkbox\" name=\"acceptance-26\" value=\"1\" aria-invalid=\"false\" \/><\/span><\/span><\/span><\/p>\n<p><input type=\"submit\" value=\"Abschicken\" class=\"wpcf7-form-control has-spinner wpcf7-submit\" \/><\/p>\n<div class=\"wpcf7-response-output\" aria-hidden=\"true\"><\/div><\/form><\/div><\/div><\/div><\/div><\/div><\/div>","protected":false},"excerpt":{"rendered":"<p>Verbringen Sie Ihren Urlaub doch in einem unserer gem\u00fctlichen Zimmer in Rohrmoos bei Schladming. Alle unsere Zimmer befinden sich im Haupthaus und sind mit eigener Dusche\/WC ausgestattet, haben einen Balkon, W-LAN, einen Zimmer-Safe, eine Minibar, Flat-TV mit Kabelanschluss und bei der Anreise erwartet Sie bereits ein kuschliger Bademantel. Unsere Pensionsg\u00e4ste k\u00f6nnen sich das ganze Jahr &hellip;<\/p>\n<p class=\"read-more\"> <a class=\"\" href=\"https:\/\/klemmerhof.at\/index.php\/zimmer\/\"> <span class=\"screen-reader-text\">Zimmer<\/span> Weiterlesen &raquo;<\/a><\/p>\n","protected":false},"author":2,"featured_media":43,"parent":0,"menu_order":0,"comment_status":"closed","ping_status":"closed","template":"","meta":{"site-sidebar-layout":"default","site-content-layout":"default","ast-global-header-display":"","ast-main-header-display":"","ast-hfb-above-header-display":"","ast-hfb-below-header-display":"","ast-hfb-mobile-header-display":"","site-post-title":"disabled","ast-breadcrumbs-content":"disabled","ast-featured-img":"disabled","footer-sml-layout":"","theme-transparent-header-meta":"default","adv-header-id-meta":"","stick-header-meta":"","header-above-stick-meta":"","header-main-stick-meta":"","header-below-stick-meta":""},"_links":{"self":[{"href":"https:\/\/klemmerhof.at\/index.php\/wp-json\/wp\/v2\/pages\/255"}],"collection":[{"href":"https:\/\/klemmerhof.at\/index.php\/wp-json\/wp\/v2\/pages"}],"about":[{"href":"https:\/\/klemmerhof.at\/index.php\/wp-json\/wp\/v2\/types\/page"}],"author":[{"embeddable":true,"href":"https:\/\/klemmerhof.at\/index.php\/wp-json\/wp\/v2\/users\/2"}],"replies":[{"embeddable":true,"href":"https:\/\/klemmerhof.at\/index.php\/wp-json\/wp\/v2\/comments?post=255"}],"version-history":[{"count":35,"href":"https:\/\/klemmerhof.at\/index.php\/wp-json\/wp\/v2\/pages\/255\/revisions"}],"predecessor-version":[{"id":608,"href":"https:\/\/klemmerhof.at\/index.php\/wp-json\/wp\/v2\/pages\/255\/revisions\/608"}],"wp:featuredmedia":[{"embeddable":true,"href":"https:\/\/klemmerhof.at\/index.php\/wp-json\/wp\/v2\/media\/43"}],"wp:attachment":[{"href":"https:\/\/klemmerhof.at\/index.php\/wp-json\/wp\/v2\/media?parent=255"}],"curies":[{"name":"wp","href":"https:\/\/api.w.org\/{rel}","templated":true}]}}